is the tens digit of v?
7
Let j(d) = 5*d + 2. Let z be j(-10). Let w = 171 + z. What is the units digit of w?
3
Suppose n = -2*n. Let c be 3 - ((-145 - n) + 3). Suppose 0 = -5*p + 5*g + c, 3*g - 249 = -5*p - 88. What is the units digit of p?
1
Let j = -14 + 19. Suppose 5*k + 50 = 3*a, -j*a + 4*k - 2*k = -96. What is the units digit of a?
0
Let i(v) = -321*v - 136. What is the tens digit of i(-1)?
8
Let l be (-5 + (-955)/10)/((-3)/(-4)). Let t = l + 384. What is the hundreds digit of t?
2
Let o(w) = 950*w**2 - 4*w - 1. What is the hundreds digit of o(-1)?
9
Let i be (-4)/10 - ((-8856)/15)/(-4). Let l = 275 + i. What is the units digit of l?
7
Let n = 76 + -73. Let j = 0 - -4. Suppose 34 = 2*m - 2*l, j*l = n*m - 22 - 25. What is the tens digit of m?
2
Let s be (3/(-2))/(16/(-32)). Suppose 133 = s*d - 44. What is the tens digit of d?
5
Suppose -3*h + 5*h = -2*t + 12, 0 = 5*h - 2*t - 23. Suppose q - 5*q = -3*p - 157, -h*p + 5 = 0. What is the tens digit of q?
4
Let j = -930 - -5631. What is the hundreds digit of j?
7
Let k(y) = y**2 + 7*y + 6. Let n be k(-3). Let u(c) = -c**3 - 2*c**2 + 4*c - 13. What is the units digit of u(n)?
7
Let r = 2 - -17. Suppose r = -k - 30. Let s = 80 + k. What is the units digit of s?
1
Let z(j) = j**2 - 9*j - 2. Let m(s) = -s**2 + 9*s + 1. Let r(o) = -4*m(o) - 5*z(o). Let h be r(7). What is the units digit of (116/h - 3)*5?
4
Let g be 8/((-5)/((-15)/2)). Suppose 3*d - 7*d + 3*l = -105, 0 = 4*l + g. What is the units digit of d?
4
Let q be 1/2*(-2 + 2). Suppose -5*n + 29 = -t, 4*t + q*t - 4 = 0. What is the units digit of n?
6
Let l(u) = 19*u**2 + 0*u - u + 3*u - 2. What is the tens digit of l(-3)?
6
Let v(u) = 112*u - 216. What is the tens digit of v(14)?
5
Let f = -98 + 98. Suppose f = a - j - 51 + 16, 5*j = -3*a + 97. What is the tens digit of a?
3
What is the hundreds digit of ((-13870)/(-15))/((-12)/(-18))?
3
Let k(b) be the second derivative of -b**6/720 + 2*b**5/15 - b**4/12 - 6*b. Let j(l) be the third derivative of k(l). What is the units digit of j(-11)?
7
Suppose -w - 78*z + 76*z = -1436, -3*w - 3*z + 4320 = 0. What is the tens digit of w?
4
Suppose -7*a - 3 = -8*a. Suppose -5*k + 186 = -a*k. What is the units digit of k?
3
Let k = 331 - -206. What is the hundreds digit of k?
5
Suppose u - 5*g + 1 = -1, 3*g = 6. Suppose 176 = 4*f + u. Suppose 4*o + 43 = 3*m - f, -4*m + o = -122. What is the tens digit of m?
3
What is the tens digit of 2066*((-3)/(-8))/(72/96)?
3
Let q(x) = x**3 + 13*x**2 + 8*x + 7. Let u be q(-5). Suppose 3*h = 4*j + u, 25 = -2*h + 2*j + 137. What is the tens digit of h?
5
Suppose -x + 5 = 0, 5*y - x + 2 - 17 = 0. Let d be (26/10)/(4/20). Suppose d - y = z. What is the units digit of z?
9
Let i be ((-4)/(-10))/((-2)/(-420)). Let d = 137 - i. What is the units digit of d?
3
Let m = 94 - 90. Suppose 11*h = 7*h + 12, m*h = 4*i - 396. What is the units digit of i?
2
Let p be (2*-17)/((-10)/20). Suppose 5*c - 292 - p = 0. What is the tens digit of c?
7
Let q(x) = -5*x + 19. Let a(v) = 4*v - 19. Let d(y) = -5*a(y) - 6*q(y). What is the hundreds digit of d(19)?
1
Let k be (8/24)/((-1)/3). What is the tens digit of (118/6 + k)*126/28?
8
Let p = 6 + -4. Let b(x) = -4*x - 11*x - 2*x - p + 2*x. What is the units digit of b(-4)?
8
Let f be (-4 - (2 - 3))*(-2)/6. What is the hundreds digit of (-2)/f*((-1 - 64) + -4)?
1
Let p = 1247 - 687. What is the tens digit of p?
6
Let c = -80 - -104. What is the tens digit of c?
2
Let k be (-2 + -132)*(-3)/(-3). Let z = k - -187. What is the tens digit of z?
5
Suppose 25 = 5*s + 10. Suppose -s*b = -3*m + 171, -5*m - 2*b + 303 = -b. Let y = m - 39. What is the units digit of y?
1
Let u(h) = 40*h - 36. What is the units digit of u(15)?
4
What is the tens digit of ((3 - -266)/1)/(1/1)?
6
Suppose -c - 4 = a, 5*a + 54 - 16 = c. Let p(q) = -q - 2. Let d be p(a). Suppose -30 = -d*m + 3*m. What is the tens digit of m?
1
Suppose 0 = -10*w + 14*w - 12. Suppose 3 = w*m - 9. Suppose 0 = 3*z - 2*z + 4*h + 5, -2*h + 22 = m*z. What is the units digit of z?
7
Let q = -4 - -6. Suppose 0 = k - 2*u - 47, -143 = -q*k + 2*u - 51. What is the units digit of k?
5
Let i = -2932 - -4307. What is the thousands digit of i?
1
Suppose -3*t + 13*q + 3969 = 16*q, 0 = -4*q - 20. What is the tens digit of t?
2
Suppose -4*h + 5*v + 26 = 0, 2*v = 3*h + 11 - 34. Let d(q) be the first derivative of q**2/2 + q + 2. What is the tens digit of d(h)?
1
Suppose -q + 30 = 3*p, 0*q - 38 = -4*p - 2*q. Let b be p*-1 - (3 + -4). What is the tens digit of 44 + (b/5 - -2)?
4
Let c(l) be the first derivative of l**3 - l**2 - 19*l + 10. What is the tens digit of c(7)?
1
What is the tens digit of 12/(-8)*((-812)/12 - 1)?
0
Suppose b - 2*b = -2. Suppose 6*z + 15 = z, 5*r - b*z - 216 = 0. What is the units digit of r?
2
What is the units digit of 25*238*(-9)/(-45)?
0
Let p = 327 - 194. What is the units digit of p?
3
Let g be (-34)/(-6) - (-4)/(-6). Suppose -70 = -4*a - 2*w, -2*w = -g*a - 0*w + 101. Suppose -5 = -3*v + a. What is the units digit of v?
8
Let f(v) = v**2 - v - 2. Let k(h) = h**2 + 4*h + 3. Let l be k(-5). Suppose 4*d - 2*d = l. What is the units digit of f(d)?
0
Let y(h) = -295*h - 68. What is the thousands digit of y(-9)?
2
Let j = -2 - -4. Suppose -5*o + j*x + 794 = 0, -2*o + x - 4*x + 329 = 0. What is the tens digit of o?
6
Let l(k) = k**3 + 14*k**2 + 4*k - 19. Let b be l(-8). Let w = b - 109. What is the hundreds digit of w?
2
Suppose 0 = -5*g - u + 936, -g + 5*u = 4*u - 186. Suppose -5*n = v - n - g, -4*v + 3*n + 843 = 0. What is the tens digit of v?
0
What is the units digit of ((-7446)/(-85))/(3/20)?
4
Let v(p) = 7*p**2 - 13*p - 139. What is the hundreds digit of v(-7)?
2
Suppose -267 = -5*i + t + 2*t, 0 = 4*t - 4. Let k = i + 53. What is the hundreds digit of k?
1
Let l(s) = 4*s**2 - 23*s - 16. What is the thousands digit of l(29)?
2
Let a(t) = -t**3 + 6*t**2 - 2*t + 5. Let b be a(5). Let n = b - 20. Suppose -4*r + 5*r - 16 = n. What is the tens digit of r?
1
Let m = 15 - 12. Let b(g) = 5*g**2 - g**3 + m*g + 10 - 5 + 2. What is the units digit of b(5)?
2
What is the units digit of ((-2)/5)/((-74)/614755)?
3
Suppose 7*s - 3*s + 2*v - 28 = 0, -4 = -v. Suppose -2*k = -4*i - 7*k + 321, s*i = 5*k + 435. What is the tens digit of i?
8
Suppose 128269 = 253*y - 210*y. What is the thousands digit of y?
2
What is the hundreds digit of (0 + (-10)/15)*(-2016)/4?
3
Let f = 12737 + -8726. What is the hundreds digit of f?
0
Let y = 56 - 80. Let a be 152/y - 2/3. Let d(h) = h**2 + 3*h - 2. What is the tens digit of d(a)?
2
What is the tens digit of 2/8 - 174042/(-88)?
7
Suppose 1819 = 70*k - 67*k + 2*n, -1218 = -2*k - 4*n. What is the units digit of k?
5
Let t = -799 + 1295. Suppose -5*l - 3*l + t = 0. What is the tens digit of l?
6
Let s(x) = -3*x + 13. Let j(k) = -2*k + 7. Let y(d) = -5*j(d) + 3*s(d). Let g be y(-4). Suppose g*l + 30 = l. What is the units digit of l?
0
Let z = 12 + -3. Let o(k) = -k**2 + 3*k + 1. Let q be o(z). What is the tens digit of (-1)/(-3) + q/(-3)?
1
Let h = -100 + 101. Suppose 0 = 2*d + 1 + h, 5*w - 788 = -2*d. What is the units digit of w?
8
Suppose 21*v = -6*v + 8559. What is the tens digit of v?
1
Let k be (-10)/25 + (-22)/(-5). Suppose -k*s - 29 = -5*s. What is the tens digit of -4 + s - (-1 - 0)?
2
Let c = -5 - -8. Let n be ((-6)/4)/(-3)*2. Suppose 4*f - n = -5*z - c, 4*z = -8. What is the units digit of f?
2
Let f = -1084 - -4386. What is the hundreds digit of f?
3
Suppose 3*q - q + 3*n = 347, 4*q - 3*n = 667. Suppose -5*a - q = 3*o, o + 4*a + 61 = -0*a. Let i = -31 - o. What is the tens digit of i?
2
Let b be (28/(-49))/((-2)/49). Let n(p) = p**3 - 14*p**2 + 8*p + 19. What is the tens digit of n(b)?
3
Let l(d) = -9*d**3 + 8*d**2 - 12*d + 6. Let i(n) = n**3 - n**2 + n - 1. Let p(f) = -6*i(f) - l(f). What is the tens digit of p(3)?
8
What is the hundreds digit of (-1064)/(-8) - (-2 + 7)?
1
Let j = 458 + -319. Suppose j + 38 = 3*c. What is the units digit of c/(((-9)/(-3))/3)?
9
What is the hundreds digit of 5*9/(18/244)?
6
Let v(z) = 7*z**3 - 4*z**2 + 4*z + 2. Suppose 5*w - 10 - 15 = -3*h, -3*h = -15. What is the tens digit of v(w)?
5
Suppose -4*o = 2*o - 1926. Let w = o - 152. What is the tens digit of w?
6
What is the tens digit of ((-684)/54)/(3/(-126))?
3
Let t(x) = 69*x